{"id":526,"date":"2024-07-17T02:26:57","date_gmt":"2024-07-17T02:26:57","guid":{"rendered":"https:\/\/sites.monroecc.edu\/multivariablecalculus\/?page_id=526"},"modified":"2024-07-27T17:21:57","modified_gmt":"2024-07-27T17:21:57","slug":"actividad-de-aprendizaje-de-capas-y-arandelas","status":"publish","type":"page","link":"https:\/\/sites.monroecc.edu\/multivariablecalculus\/actividad-de-aprendizaje-de-capas-y-arandelas\/","title":{"rendered":"Actividad de Aprendizaje de Capas y Arandelas"},"content":{"rendered":"<p><img loading=\"lazy\" decoding=\"async\" class=\"alignnone wp-image-361 size-medium\" src=\"http:\/\/sites.monroecc.edu\/multivariablecalculus\/files\/2023\/01\/20221116_124638-300x300.jpg\" alt=\"Washers approximating the volume of a solid of revolution\" width=\"300\" height=\"300\" srcset=\"https:\/\/sites.monroecc.edu\/multivariablecalculus\/files\/2023\/01\/20221116_124638-300x300.jpg 300w, https:\/\/sites.monroecc.edu\/multivariablecalculus\/files\/2023\/01\/20221116_124638-1024x1024.jpg 1024w, https:\/\/sites.monroecc.edu\/multivariablecalculus\/files\/2023\/01\/20221116_124638-150x150.jpg 150w, https:\/\/sites.monroecc.edu\/multivariablecalculus\/files\/2023\/01\/20221116_124638-768x768.jpg 768w, https:\/\/sites.monroecc.edu\/multivariablecalculus\/files\/2023\/01\/20221116_124638-1536x1536.jpg 1536w, https:\/\/sites.monroecc.edu\/multivariablecalculus\/files\/2023\/01\/20221116_124638-2048x2048.jpg 2048w\" sizes=\"auto, (max-width: 300px) 100vw, 300px\" \/><img loading=\"lazy\" decoding=\"async\" class=\"alignnone wp-image-360 size-medium\" src=\"http:\/\/sites.monroecc.edu\/multivariablecalculus\/files\/2023\/01\/20221116_124651-300x300.jpg\" alt=\"Shells approximating the volume of a solid of revolution\" width=\"300\" height=\"300\" srcset=\"https:\/\/sites.monroecc.edu\/multivariablecalculus\/files\/2023\/01\/20221116_124651-300x300.jpg 300w, https:\/\/sites.monroecc.edu\/multivariablecalculus\/files\/2023\/01\/20221116_124651-1024x1024.jpg 1024w, https:\/\/sites.monroecc.edu\/multivariablecalculus\/files\/2023\/01\/20221116_124651-150x150.jpg 150w, https:\/\/sites.monroecc.edu\/multivariablecalculus\/files\/2023\/01\/20221116_124651-768x768.jpg 768w, https:\/\/sites.monroecc.edu\/multivariablecalculus\/files\/2023\/01\/20221116_124651-1536x1536.jpg 1536w, https:\/\/sites.monroecc.edu\/multivariablecalculus\/files\/2023\/01\/20221116_124651-2048x2048.jpg 2048w\" sizes=\"auto, (max-width: 300px) 100vw, 300px\" \/><img loading=\"lazy\" decoding=\"async\" class=\"alignnone wp-image-362 size-medium\" src=\"http:\/\/sites.monroecc.edu\/multivariablecalculus\/files\/2023\/01\/20221116_124558-300x300.jpg\" alt=\"3 quarters of a solid of revolution\" width=\"300\" height=\"300\" srcset=\"https:\/\/sites.monroecc.edu\/multivariablecalculus\/files\/2023\/01\/20221116_124558-300x300.jpg 300w, https:\/\/sites.monroecc.edu\/multivariablecalculus\/files\/2023\/01\/20221116_124558-1024x1024.jpg 1024w, https:\/\/sites.monroecc.edu\/multivariablecalculus\/files\/2023\/01\/20221116_124558-150x150.jpg 150w, https:\/\/sites.monroecc.edu\/multivariablecalculus\/files\/2023\/01\/20221116_124558-768x768.jpg 768w, https:\/\/sites.monroecc.edu\/multivariablecalculus\/files\/2023\/01\/20221116_124558-1536x1536.jpg 1536w, https:\/\/sites.monroecc.edu\/multivariablecalculus\/files\/2023\/01\/20221116_124558-2048x2048.jpg 2048w\" sizes=\"auto, (max-width: 300px) 100vw, 300px\" \/><\/p>\n<p>Esta actividad est\u00e1 dise\u00f1ada para ayudar a los estudiantes a entender mejor c\u00f3mo se pueden usar las capas y las arandelas para aproximar el volumen de una superficie de revoluci\u00f3n.<\/p>\n<p>Vea el PDF de esta actividad aqu\u00ed:\u00a0 <strong><a href=\"https:\/\/c3d.libretexts.org\/CalcPlot3D\/activities\/212LA-ShellWasherActivity-espanol-S24-v5.pdf\" target=\"_blank\" rel=\"noreferrer noopener\">212LA-Capas y Arandelas<\/a><\/strong><\/p>\n<p>Y si quiere editarlo: <strong><a href=\"https:\/\/c3d.libretexts.org\/CalcPlot3D\/activities\/212LA-ShellWasherActivity-espanol-S24-v5.docx\" target=\"_blank\" rel=\"noreferrer noopener\">Versi\u00f3n WORD de esta Actividad<\/a><\/strong><\/p>\n<p>Haga clic aqu\u00ed para descargar los archivos STL como archivo .zip: <strong> <a href=\"https:\/\/sites.monroecc.edu\/multivariablecalculus\/learning-activity-for-the-shell-and-washer-methods\/washersshellsall\/\">Descargar archivos STL para esta actividad como archivo .zip<\/a><\/strong><\/p>\n<p>Haga clic aqu\u00ed para descargar los archivos Cura .3mf como un archivo .zip: <a href=\"https:\/\/sites.monroecc.edu\/multivariablecalculus\/learning-activity-for-the-shell-and-washer-methods\/washersshells-3mf-cura-files\/\">Descargar los archivos .3mf para Cura como archivo .zip<\/a><\/p>","protected":false},"excerpt":{"rendered":"<p>Esta actividad est\u00e1 dise\u00f1ada para ayudar a los estudiantes a entender mejor c\u00f3mo se pueden usar las capas y las arandelas para aproximar el volumen de una superficie de revoluci\u00f3n. Vea el PDF de esta actividad aqu\u00ed:\u00a0 212LA-Capas y Arandelas Y si quiere editarlo: Versi\u00f3n WORD de esta Actividad Haga clic aqu\u00ed para descargar los [&#8230;]<\/p>\n","protected":false},"author":654,"featured_media":0,"parent":0,"menu_order":0,"comment_status":"closed","ping_status":"closed","template":"","meta":{"_acf_changed":false,"footnotes":""},"class_list":["post-526","page","type-page","status-publish","hentry"],"acf":[],"_links":{"self":[{"href":"https:\/\/sites.monroecc.edu\/multivariablecalculus\/wp-json\/wp\/v2\/pages\/526","targetHints":{"allow":["GET"]}}],"collection":[{"href":"https:\/\/sites.monroecc.edu\/multivariablecalculus\/wp-json\/wp\/v2\/pages"}],"about":[{"href":"https:\/\/sites.monroecc.edu\/multivariablecalculus\/wp-json\/wp\/v2\/types\/page"}],"author":[{"embeddable":true,"href":"https:\/\/sites.monroecc.edu\/multivariablecalculus\/wp-json\/wp\/v2\/users\/654"}],"replies":[{"embeddable":true,"href":"https:\/\/sites.monroecc.edu\/multivariablecalculus\/wp-json\/wp\/v2\/comments?post=526"}],"version-history":[{"count":2,"href":"https:\/\/sites.monroecc.edu\/multivariablecalculus\/wp-json\/wp\/v2\/pages\/526\/revisions"}],"predecessor-version":[{"id":556,"href":"https:\/\/sites.monroecc.edu\/multivariablecalculus\/wp-json\/wp\/v2\/pages\/526\/revisions\/556"}],"wp:attachment":[{"href":"https:\/\/sites.monroecc.edu\/multivariablecalculus\/wp-json\/wp\/v2\/media?parent=526"}],"curies":[{"name":"wp","href":"https:\/\/api.w.org\/{rel}","templated":true}]}}